[INFO] fetching crate nue-macros 0.3.0...
[INFO] checking nue-macros-0.3.0 against try#72f88fc4e9458f89516a0b8b0868f3718aec5b47 for pr-74989
[INFO] extracting crate nue-macros 0.3.0 into /workspace/builds/worker-4/source
[INFO] validating manifest of crates.io crate nue-macros 0.3.0 on toolchain 72f88fc4e9458f89516a0b8b0868f3718aec5b47
[INFO] running `Command { std: "/workspace/cargo-home/bin/cargo" "+72f88fc4e9458f89516a0b8b0868f3718aec5b47" "read-manifest" "--manifest-path" "Cargo.toml", kill_on_drop: false }`
[INFO] started tweaking crates.io crate nue-macros 0.3.0
[INFO] removed 0 missing tests
[INFO] removed path dependency nue-codegen from crates.io crate nue-macros 0.3.0
[INFO] removed path dependency nue from crates.io crate nue-macros 0.3.0
[INFO] removed path dependency pod from crates.io crate nue-macros 0.3.0
[INFO] finished tweaking crates.io crate nue-macros 0.3.0
[INFO] tweaked toml for crates.io crate nue-macros 0.3.0 written to /workspace/builds/worker-4/source/Cargo.toml
[INFO] running `Command { std: "/workspace/cargo-home/bin/cargo" "+72f88fc4e9458f89516a0b8b0868f3718aec5b47" "generate-lockfile" "--manifest-path" "Cargo.toml" "-Zno-index-update", kill_on_drop: false }`
[INFO] running `Command { std: "/workspace/cargo-home/bin/cargo" "+72f88fc4e9458f89516a0b8b0868f3718aec5b47" "fetch" "--locked" "--manifest-path" "Cargo.toml", kill_on_drop: false }`
[INFO] [stderr] warning: An explicit [[test]] section is specified in Cargo.toml which currently
[INFO] [stderr] disables Cargo from automatically inferring other test targets.
[INFO] [stderr] This inference behavior will change in the Rust 2018 edition and the following
[INFO] [stderr] files will be included as a test target:
[INFO] [stderr] 
[INFO] [stderr] * /workspace/builds/worker-4/source/tests/code.rs
[INFO] [stderr] 
[INFO] [stderr] This is likely to break cargo build or cargo test as these files may not be
[INFO] [stderr] ready to be compiled as a test target today. You can future-proof yourself
[INFO] [stderr] and disable this warning by adding `autotests = false` to your [package]
[INFO] [stderr] section. You may also move the files to a location where Cargo would not
[INFO] [stderr] automatically infer them to be a target, such as in subfolders.
[INFO] [stderr] 
[INFO] [stderr] For more information on this warning you can consult
[INFO] [stderr] https://github.com/rust-lang/cargo/issues/5330
[INFO] [stderr]     Blocking waiting for file lock on package cache
[INFO] [stderr]  Downloading crates ...
[INFO] [stderr]   Downloaded packed v0.3.0
[INFO] [stderr]   Downloaded uninitialized v0.0.2
[INFO] [stderr]   Downloaded nue v0.3.0
[INFO] [stderr]   Downloaded resize-slice v0.1.0
[INFO] [stderr]   Downloaded nue-codegen v0.3.0
[INFO] [stderr]   Downloaded nue-io v0.3.0
[INFO] [stderr]   Downloaded pod v0.3.1
[INFO] [stderr]   Downloaded aster v0.4.10
[INFO] [stderr]   Downloaded quasi_codegen v0.3.12
[INFO] [stderr]   Downloaded aster v0.9.3
[INFO] [stderr]   Downloaded quasi_macros v0.3.13
[INFO] running `Command { std: "docker" "create" "-v" "/var/lib/crater-agent-workspace/builds/worker-4/target:/opt/rustwide/target:rw,Z" "-v" "/var/lib/crater-agent-workspace/builds/worker-4/source:/opt/rustwide/workdir:ro,Z" "-v" "/var/lib/crater-agent-workspace/cargo-home:/opt/rustwide/cargo-home:ro,Z" "-v" "/var/lib/crater-agent-workspace/rustup-home:/opt/rustwide/rustup-home:ro,Z" "-e" "SOURCE_DIR=/opt/rustwide/workdir" "-e" "CARGO_TARGET_DIR=/opt/rustwide/target" "-e" "CARGO_HOME=/opt/rustwide/cargo-home" "-e" "RUSTUP_HOME=/opt/rustwide/rustup-home" "-w" "/opt/rustwide/workdir" "-m" "1610612736" "--user" "0:0" "--network" "none" "rustops/crates-build-env@sha256:d92eaeed33fa75130ca1ee6c8a01d1ffb62bac859dfdfb3450e3e5d1c0146529" "/opt/rustwide/cargo-home/bin/cargo" "+72f88fc4e9458f89516a0b8b0868f3718aec5b47" "metadata" "--no-deps" "--format-version=1", kill_on_drop: false }`
[INFO] [stderr] WARNING: Your kernel does not support swap limit capabilities or the cgroup is not mounted. Memory limited without swap.
[INFO] [stdout] 049eabec2546843144e5790ae42afc98d9ff4596790085389de98a645ce94289
[INFO] running `Command { std: "docker" "start" "-a" "049eabec2546843144e5790ae42afc98d9ff4596790085389de98a645ce94289", kill_on_drop: false }`
[INFO] running `Command { std: "docker" "inspect" "049eabec2546843144e5790ae42afc98d9ff4596790085389de98a645ce94289", kill_on_drop: false }`
[INFO] running `Command { std: "docker" "rm" "-f" "049eabec2546843144e5790ae42afc98d9ff4596790085389de98a645ce94289", kill_on_drop: false }`
[INFO] [stdout] 049eabec2546843144e5790ae42afc98d9ff4596790085389de98a645ce94289
[INFO] running `Command { std: "docker" "create" "-v" "/var/lib/crater-agent-workspace/builds/worker-4/target:/opt/rustwide/target:rw,Z" "-v" "/var/lib/crater-agent-workspace/builds/worker-4/source:/opt/rustwide/workdir:ro,Z" "-v" "/var/lib/crater-agent-workspace/cargo-home:/opt/rustwide/cargo-home:ro,Z" "-v" "/var/lib/crater-agent-workspace/rustup-home:/opt/rustwide/rustup-home:ro,Z" "-e" "SOURCE_DIR=/opt/rustwide/workdir" "-e" "CARGO_TARGET_DIR=/opt/rustwide/target" "-e" "CARGO_INCREMENTAL=0" "-e" "RUST_BACKTRACE=full" "-e" "RUSTFLAGS=--cap-lints=forbid" "-e" "CARGO_HOME=/opt/rustwide/cargo-home" "-e" "RUSTUP_HOME=/opt/rustwide/rustup-home" "-w" "/opt/rustwide/workdir" "-m" "1610612736" "--user" "0:0" "--network" "none" "rustops/crates-build-env@sha256:d92eaeed33fa75130ca1ee6c8a01d1ffb62bac859dfdfb3450e3e5d1c0146529" "/opt/rustwide/cargo-home/bin/cargo" "+72f88fc4e9458f89516a0b8b0868f3718aec5b47" "check" "--frozen" "--all" "--all-targets" "--message-format=json", kill_on_drop: false }`
[INFO] [stdout] 3324d0993362c0f8ee3017167e6262f05852ca3d4a07f539180d0d7a88853c64
[INFO] [stderr] WARNING: Your kernel does not support swap limit capabilities or the cgroup is not mounted. Memory limited without swap.
[INFO] running `Command { std: "docker" "start" "-a" "3324d0993362c0f8ee3017167e6262f05852ca3d4a07f539180d0d7a88853c64", kill_on_drop: false }`
[INFO] [stderr] warning: An explicit [[test]] section is specified in Cargo.toml which currently
[INFO] [stderr] disables Cargo from automatically inferring other test targets.
[INFO] [stderr] This inference behavior will change in the Rust 2018 edition and the following
[INFO] [stderr] files will be included as a test target:
[INFO] [stderr] 
[INFO] [stderr] * /opt/rustwide/workdir/tests/code.rs
[INFO] [stderr] 
[INFO] [stderr] This is likely to break cargo build or cargo test as these files may not be
[INFO] [stderr] ready to be compiled as a test target today. You can future-proof yourself
[INFO] [stderr] and disable this warning by adding `autotests = false` to your [package]
[INFO] [stderr] section. You may also move the files to a location where Cargo would not
[INFO] [stderr] automatically infer them to be a target, such as in subfolders.
[INFO] [stderr] 
[INFO] [stderr] For more information on this warning you can consult
[INFO] [stderr] https://github.com/rust-lang/cargo/issues/5330
[INFO] [stderr]    Compiling aster v0.9.3
[INFO] [stderr]    Compiling uninitialized v0.0.2
[INFO] [stderr]    Compiling nue-codegen v0.3.0
[INFO] [stderr]     Checking byteorder v0.3.13
[INFO] [stderr]     Checking packed v0.3.0
[INFO] [stderr]     Checking aster v0.4.10
[INFO] [stderr]     Checking quasi v0.32.0
[INFO] [stdout] error[E0463]: can't find crate for `syntax`
[INFO] [stdout]   --> /opt/rustwide/cargo-home/registry/src/github.com-1ecc6299db9ec823/quasi-0.32.0/src/lib.rs:23:1
[INFO] [stdout]    |
[INFO] [stdout] 23 | extern crate syntax;
[INFO] [stdout]    | ^^^^^^^^^^^^^^^^^^^^ can't find crate
[INFO] [stdout] 
[INFO] [stdout] 
[INFO] [stdout] error[E0463]: can't find crate for `syntax`
[INFO] [stdout]   --> /opt/rustwide/cargo-home/registry/src/github.com-1ecc6299db9ec823/quasi-0.32.0/src/lib.rs:23:1
[INFO] [stdout]    |
[INFO] [stdout] 23 | extern crate syntax;
[INFO] [stdout]    | ^^^^^^^^^^^^^^^^^^^^ can't find crate
[INFO] [stdout] 
[INFO] [stdout] 
[INFO] [stdout] error: aborting due to previous error
[INFO] [stdout] 
[INFO] [stdout] 
[INFO] [stdout] For more information about this error, try `rustc --explain E0463`.
[INFO] [stdout] 
[INFO] [stdout] error: aborting due to previous error
[INFO] [stdout] 
[INFO] [stdout] 
[INFO] [stdout] For more information about this error, try `rustc --explain E0463`.
[INFO] [stdout] 
[INFO] [stderr] error: could not compile `quasi`.
[INFO] [stderr] 
[INFO] [stderr] To learn more, run the command again with --verbose.
[INFO] [stderr] warning: build failed, waiting for other jobs to finish...
[INFO] [stdout] error: `impl Trait for .. {}` is an obsolete syntax
[INFO] [stdout]    --> /opt/rustwide/cargo-home/registry/src/github.com-1ecc6299db9ec823/packed-0.3.0/src/lib.rs:125:5
[INFO] [stdout]     |
[INFO] [stdout] 125 |     unsafe impl Unaligned for .. { }
[INFO] [stdout]     |     ^^^^^^^^^^^^^^^^^^^^^^^^^^^^^^^^
[INFO] [stdout]     |
[INFO] [stdout]     = help: use `auto trait Trait {}` instead
[INFO] [stdout] 
[INFO] [stdout] 
[INFO] [stdout] error[E0658]: negative trait bounds are not yet fully implemented; use marker types for now
[INFO] [stdout]    --> /opt/rustwide/cargo-home/registry/src/github.com-1ecc6299db9ec823/packed-0.3.0/src/lib.rs:128:10
[INFO] [stdout]     |
[INFO] [stdout] 128 |     impl !Unaligned for char { }
[INFO] [stdout]     |          ^^^^^^^^^^
[INFO] [stdout]     |
[INFO] [stdout]     = note: see issue #68318 <https://github.com/rust-lang/rust/issues/68318> for more information
[INFO] [stdout]     = help: add `#![feature(negative_impls)]` to the crate attributes to enable
[INFO] [stdout] 
[INFO] [stdout] 
[INFO] [stdout] error[E0658]: negative trait bounds are not yet fully implemented; use marker types for now
[INFO] [stdout]    --> /opt/rustwide/cargo-home/registry/src/github.com-1ecc6299db9ec823/packed-0.3.0/src/lib.rs:129:10
[INFO] [stdout]     |
[INFO] [stdout] 129 |     impl !Unaligned for f32 { }
[INFO] [stdout]     |          ^^^^^^^^^^
[INFO] [stdout]     |
[INFO] [stdout]     = note: see issue #68318 <https://github.com/rust-lang/rust/issues/68318> for more information
[INFO] [stdout]     = help: add `#![feature(negative_impls)]` to the crate attributes to enable
[INFO] [stdout] 
[INFO] [stdout] 
[INFO] [stdout] error[E0658]: negative trait bounds are not yet fully implemented; use marker types for now
[INFO] [stdout]    --> /opt/rustwide/cargo-home/registry/src/github.com-1ecc6299db9ec823/packed-0.3.0/src/lib.rs:130:10
[INFO] [stdout]     |
[INFO] [stdout] 130 |     impl !Unaligned for f64 { }
[INFO] [stdout]     |          ^^^^^^^^^^
[INFO] [stdout]     |
[INFO] [stdout]     = note: see issue #68318 <https://github.com/rust-lang/rust/issues/68318> for more information
[INFO] [stdout]     = help: add `#![feature(negative_impls)]` to the crate attributes to enable
[INFO] [stdout] 
[INFO] [stdout] 
[INFO] [stdout] error[E0658]: negative trait bounds are not yet fully implemented; use marker types for now
[INFO] [stdout]    --> /opt/rustwide/cargo-home/registry/src/github.com-1ecc6299db9ec823/packed-0.3.0/src/lib.rs:131:10
[INFO] [stdout]     |
[INFO] [stdout] 131 |     impl !Unaligned for i16 { }
[INFO] [stdout]     |          ^^^^^^^^^^
[INFO] [stdout]     |
[INFO] [stdout]     = note: see issue #68318 <https://github.com/rust-lang/rust/issues/68318> for more information
[INFO] [stdout]     = help: add `#![feature(negative_impls)]` to the crate attributes to enable
[INFO] [stdout] 
[INFO] [stdout] 
[INFO] [stdout] error[E0658]: negative trait bounds are not yet fully implemented; use marker types for now
[INFO] [stdout]    --> /opt/rustwide/cargo-home/registry/src/github.com-1ecc6299db9ec823/packed-0.3.0/src/lib.rs:132:10
[INFO] [stdout]     |
[INFO] [stdout] 132 |     impl !Unaligned for u16 { }
[INFO] [stdout]     |          ^^^^^^^^^^
[INFO] [stdout]     |
[INFO] [stdout]     = note: see issue #68318 <https://github.com/rust-lang/rust/issues/68318> for more information
[INFO] [stdout]     = help: add `#![feature(negative_impls)]` to the crate attributes to enable
[INFO] [stdout] 
[INFO] [stdout] 
[INFO] [stdout] error[E0658]: negative trait bounds are not yet fully implemented; use marker types for now
[INFO] [stdout]    --> /opt/rustwide/cargo-home/registry/src/github.com-1ecc6299db9ec823/packed-0.3.0/src/lib.rs:133:10
[INFO] [stdout]     |
[INFO] [stdout] 133 |     impl !Unaligned for i32 { }
[INFO] [stdout]     |          ^^^^^^^^^^
[INFO] [stdout]     |
[INFO] [stdout]     = note: see issue #68318 <https://github.com/rust-lang/rust/issues/68318> for more information
[INFO] [stdout]     = help: add `#![feature(negative_impls)]` to the crate attributes to enable
[INFO] [stdout] 
[INFO] [stdout] 
[INFO] [stdout] error[E0658]: negative trait bounds are not yet fully implemented; use marker types for now
[INFO] [stdout]    --> /opt/rustwide/cargo-home/registry/src/github.com-1ecc6299db9ec823/packed-0.3.0/src/lib.rs:134:10
[INFO] [stdout]     |
[INFO] [stdout] 134 |     impl !Unaligned for u32 { }
[INFO] [stdout]     |          ^^^^^^^^^^
[INFO] [stdout]     |
[INFO] [stdout]     = note: see issue #68318 <https://github.com/rust-lang/rust/issues/68318> for more information
[INFO] [stdout]     = help: add `#![feature(negative_impls)]` to the crate attributes to enable
[INFO] [stdout] 
[INFO] [stdout] 
[INFO] [stdout] error[E0658]: negative trait bounds are not yet fully implemented; use marker types for now
[INFO] [stdout]    --> /opt/rustwide/cargo-home/registry/src/github.com-1ecc6299db9ec823/packed-0.3.0/src/lib.rs:135:10
[INFO] [stdout]     |
[INFO] [stdout] 135 |     impl !Unaligned for i64 { }
[INFO] [stdout]     |          ^^^^^^^^^^
[INFO] [stdout]     |
[INFO] [stdout]     = note: see issue #68318 <https://github.com/rust-lang/rust/issues/68318> for more information
[INFO] [stdout]     = help: add `#![feature(negative_impls)]` to the crate attributes to enable
[INFO] [stdout] 
[INFO] [stdout] 
[INFO] [stdout] error[E0658]: negative trait bounds are not yet fully implemented; use marker types for now
[INFO] [stdout]    --> /opt/rustwide/cargo-home/registry/src/github.com-1ecc6299db9ec823/packed-0.3.0/src/lib.rs:136:10
[INFO] [stdout]     |
[INFO] [stdout] 136 |     impl !Unaligned for u64 { }
[INFO] [stdout]     |          ^^^^^^^^^^
[INFO] [stdout]     |
[INFO] [stdout]     = note: see issue #68318 <https://github.com/rust-lang/rust/issues/68318> for more information
[INFO] [stdout]     = help: add `#![feature(negative_impls)]` to the crate attributes to enable
[INFO] [stdout] 
[INFO] [stdout] 
[INFO] [stdout] error[E0658]: negative trait bounds are not yet fully implemented; use marker types for now
[INFO] [stdout]    --> /opt/rustwide/cargo-home/registry/src/github.com-1ecc6299db9ec823/packed-0.3.0/src/lib.rs:137:10
[INFO] [stdout]     |
[INFO] [stdout] 137 |     impl !Unaligned for isize { }
[INFO] [stdout]     |          ^^^^^^^^^^
[INFO] [stdout]     |
[INFO] [stdout]     = note: see issue #68318 <https://github.com/rust-lang/rust/issues/68318> for more information
[INFO] [stdout]     = help: add `#![feature(negative_impls)]` to the crate attributes to enable
[INFO] [stdout] 
[INFO] [stdout] 
[INFO] [stdout] error[E0658]: negative trait bounds are not yet fully implemented; use marker types for now
[INFO] [stdout]    --> /opt/rustwide/cargo-home/registry/src/github.com-1ecc6299db9ec823/packed-0.3.0/src/lib.rs:138:10
[INFO] [stdout]     |
[INFO] [stdout] 138 |     impl !Unaligned for usize { }
[INFO] [stdout]     |          ^^^^^^^^^^
[INFO] [stdout]     |
[INFO] [stdout]     = note: see issue #68318 <https://github.com/rust-lang/rust/issues/68318> for more information
[INFO] [stdout]     = help: add `#![feature(negative_impls)]` to the crate attributes to enable
[INFO] [stdout] 
[INFO] [stdout] 
[INFO] [stdout] error[E0658]: negative trait bounds are not yet fully implemented; use marker types for now
[INFO] [stdout]    --> /opt/rustwide/cargo-home/registry/src/github.com-1ecc6299db9ec823/packed-0.3.0/src/lib.rs:139:13
[INFO] [stdout]     |
[INFO] [stdout] 139 |     impl<T> !Unaligned for *const T { }
[INFO] [stdout]     |             ^^^^^^^^^^
[INFO] [stdout]     |
[INFO] [stdout]     = note: see issue #68318 <https://github.com/rust-lang/rust/issues/68318> for more information
[INFO] [stdout]     = help: add `#![feature(negative_impls)]` to the crate attributes to enable
[INFO] [stdout] 
[INFO] [stdout] 
[INFO] [stdout] error[E0658]: negative trait bounds are not yet fully implemented; use marker types for now
[INFO] [stdout]    --> /opt/rustwide/cargo-home/registry/src/github.com-1ecc6299db9ec823/packed-0.3.0/src/lib.rs:140:13
[INFO] [stdout]     |
[INFO] [stdout] 140 |     impl<T> !Unaligned for *mut T { }
[INFO] [stdout]     |             ^^^^^^^^^^
[INFO] [stdout]     |
[INFO] [stdout]     = note: see issue #68318 <https://github.com/rust-lang/rust/issues/68318> for more information
[INFO] [stdout]     = help: add `#![feature(negative_impls)]` to the crate attributes to enable
[INFO] [stdout] 
[INFO] [stdout] 
[INFO] [stdout] error[E0658]: negative trait bounds are not yet fully implemented; use marker types for now
[INFO] [stdout]    --> /opt/rustwide/cargo-home/registry/src/github.com-1ecc6299db9ec823/packed-0.3.0/src/lib.rs:141:17
[INFO] [stdout]     |
[INFO] [stdout] 141 |     impl<'a, T> !Unaligned for &'a T { }
[INFO] [stdout]     |                 ^^^^^^^^^^
[INFO] [stdout]     |
[INFO] [stdout]     = note: see issue #68318 <https://github.com/rust-lang/rust/issues/68318> for more information
[INFO] [stdout]     = help: add `#![feature(negative_impls)]` to the crate attributes to enable
[INFO] [stdout] 
[INFO] [stdout] 
[INFO] [stdout] error[E0658]: negative trait bounds are not yet fully implemented; use marker types for now
[INFO] [stdout]    --> /opt/rustwide/cargo-home/registry/src/github.com-1ecc6299db9ec823/packed-0.3.0/src/lib.rs:142:17
[INFO] [stdout]     |
[INFO] [stdout] 142 |     impl<'a, T> !Unaligned for &'a mut T { }
[INFO] [stdout]     |                 ^^^^^^^^^^
[INFO] [stdout]     |
[INFO] [stdout]     = note: see issue #68318 <https://github.com/rust-lang/rust/issues/68318> for more information
[INFO] [stdout]     = help: add `#![feature(negative_impls)]` to the crate attributes to enable
[INFO] [stdout] 
[INFO] [stdout] 
[INFO] [stdout] error[E0463]: can't find crate for `syntax`
[INFO] [stdout]   --> /opt/rustwide/cargo-home/registry/src/github.com-1ecc6299db9ec823/aster-0.4.10/src/lib.rs:10:1
[INFO] [stdout]    |
[INFO] [stdout] 10 | extern crate syntax;
[INFO] [stdout]    | ^^^^^^^^^^^^^^^^^^^^ can't find crate
[INFO] [stdout] 
[INFO] [stdout] 
[INFO] [stdout] error: aborting due to previous error
[INFO] [stdout] 
[INFO] [stdout] 
[INFO] [stdout] For more information about this error, try `rustc --explain E0463`.
[INFO] [stdout] 
[INFO] [stdout] error[E0463]: can't find crate for `syntax`
[INFO] [stdout]   --> /opt/rustwide/cargo-home/registry/src/github.com-1ecc6299db9ec823/aster-0.9.3/src/lib.rs:10:1
[INFO] [stdout]    |
[INFO] [stdout] 10 | extern crate syntax;
[INFO] [stdout]    | ^^^^^^^^^^^^^^^^^^^^ can't find crate
[INFO] [stdout] 
[INFO] [stdout] 
[INFO] [stdout] error: aborting due to previous error
[INFO] [stdout] 
[INFO] [stdout] 
[INFO] [stdout] For more information about this error, try `rustc --explain E0463`.
[INFO] [stdout] 
[INFO] [stdout] error[E0463]: can't find crate for `syntax`
[INFO] [stdout]   --> /opt/rustwide/cargo-home/registry/src/github.com-1ecc6299db9ec823/aster-0.4.10/src/lib.rs:10:1
[INFO] [stdout]    |
[INFO] [stdout] 10 | extern crate syntax;
[INFO] [stdout]    | ^^^^^^^^^^^^^^^^^^^^ can't find crate
[INFO] [stdout] 
[INFO] [stdout] 
[INFO] [stdout] error: aborting due to previous error
[INFO] [stdout] 
[INFO] [stdout] 
[INFO] [stdout] For more information about this error, try `rustc --explain E0463`.
[INFO] [stdout] 
[INFO] [stdout] error[E0277]: the trait bound `u8: Unaligned` is not satisfied
[INFO] [stdout]    --> /opt/rustwide/cargo-home/registry/src/github.com-1ecc6299db9ec823/packed-0.3.0/src/lib.rs:226:67
[INFO] [stdout]     |
[INFO] [stdout] 27  | pub unsafe trait Aligned: Sized {
[INFO] [stdout]     |                  ------- required by a bound in this
[INFO] [stdout] ...
[INFO] [stdout] 30  |     type Unaligned: Unaligned + Sized + Copy;
[INFO] [stdout]     |                     --------- required by this bound in `Aligned`
[INFO] [stdout] ...
[INFO] [stdout] 226 |     unsafe impl<T: Sized> Aligned for *const T { type Unaligned = [u8; 8]; aligned_assert!(Self); }
[INFO] [stdout]     |                                                                   ^^^^^^^ the trait `Unaligned` is not implemented for `u8`
[INFO] [stdout]     |
[INFO] [stdout]     = note: required because of the requirements on the impl of `Unaligned` for `[u8; 8]`
[INFO] [stdout] 
[INFO] [stdout] 
[INFO] [stdout] error[E0277]: the trait bound `u8: Unaligned` is not satisfied
[INFO] [stdout]    --> /opt/rustwide/cargo-home/registry/src/github.com-1ecc6299db9ec823/packed-0.3.0/src/lib.rs:227:65
[INFO] [stdout]     |
[INFO] [stdout] 27  | pub unsafe trait Aligned: Sized {
[INFO] [stdout]     |                  ------- required by a bound in this
[INFO] [stdout] ...
[INFO] [stdout] 30  |     type Unaligned: Unaligned + Sized + Copy;
[INFO] [stdout]     |                     --------- required by this bound in `Aligned`
[INFO] [stdout] ...
[INFO] [stdout] 227 |     unsafe impl<T: Sized> Aligned for *mut T { type Unaligned = [u8; 8]; aligned_assert!(Self); }
[INFO] [stdout]     |                                                                 ^^^^^^^ the trait `Unaligned` is not implemented for `u8`
[INFO] [stdout]     |
[INFO] [stdout]     = note: required because of the requirements on the impl of `Unaligned` for `[u8; 8]`
[INFO] [stdout] 
[INFO] [stdout] 
[INFO] [stdout] error[E0277]: the trait bound `u8: Unaligned` is not satisfied
[INFO] [stdout]    --> /opt/rustwide/cargo-home/registry/src/github.com-1ecc6299db9ec823/packed-0.3.0/src/lib.rs:228:68
[INFO] [stdout]     |
[INFO] [stdout] 27  | pub unsafe trait Aligned: Sized {
[INFO] [stdout]     |                  ------- required by a bound in this
[INFO] [stdout] ...
[INFO] [stdout] 30  |     type Unaligned: Unaligned + Sized + Copy;
[INFO] [stdout]     |                     --------- required by this bound in `Aligned`
[INFO] [stdout] ...
[INFO] [stdout] 228 |     unsafe impl<'a, T: Sized> Aligned for &'a T { type Unaligned = [u8; 8]; }
[INFO] [stdout]     |                                                                    ^^^^^^^ the trait `Unaligned` is not implemented for `u8`
[INFO] [stdout]     |
[INFO] [stdout]     = note: required because of the requirements on the impl of `Unaligned` for `[u8; 8]`
[INFO] [stdout] 
[INFO] [stdout] 
[INFO] [stdout] error[E0277]: the trait bound `u8: Unaligned` is not satisfied
[INFO] [stdout]    --> /opt/rustwide/cargo-home/registry/src/github.com-1ecc6299db9ec823/packed-0.3.0/src/lib.rs:229:72
[INFO] [stdout]     |
[INFO] [stdout] 27  | pub unsafe trait Aligned: Sized {
[INFO] [stdout]     |                  ------- required by a bound in this
[INFO] [stdout] ...
[INFO] [stdout] 30  |     type Unaligned: Unaligned + Sized + Copy;
[INFO] [stdout]     |                     --------- required by this bound in `Aligned`
[INFO] [stdout] ...
[INFO] [stdout] 229 |     unsafe impl<'a, T: Sized> Aligned for &'a mut T { type Unaligned = [u8; 8]; }
[INFO] [stdout]     |                                                                        ^^^^^^^ the trait `Unaligned` is not implemented for `u8`
[INFO] [stdout]     |
[INFO] [stdout]     = note: required because of the requirements on the impl of `Unaligned` for `[u8; 8]`
[INFO] [stdout] 
[INFO] [stdout] 
[INFO] [stdout] error[E0277]: the trait bound `(): Unaligned` is not satisfied
[INFO] [stdout]    --> /opt/rustwide/cargo-home/registry/src/github.com-1ecc6299db9ec823/packed-0.3.0/src/lib.rs:234:13
[INFO] [stdout]     |
[INFO] [stdout] 116 | pub unsafe trait Packed: Unaligned {
[INFO] [stdout]     |                          --------- required by this bound in `Packed`
[INFO] [stdout] ...
[INFO] [stdout] 234 | unsafe impl Packed for () { }
[INFO] [stdout]     |             ^^^^^^ the trait `Unaligned` is not implemented for `()`
[INFO] [stdout] 
[INFO] [stdout] 
[INFO] [stdout] error[E0277]: the trait bound `i8: Unaligned` is not satisfied
[INFO] [stdout]    --> /opt/rustwide/cargo-home/registry/src/github.com-1ecc6299db9ec823/packed-0.3.0/src/lib.rs:235:13
[INFO] [stdout]     |
[INFO] [stdout] 116 | pub unsafe trait Packed: Unaligned {
[INFO] [stdout]     |                          --------- required by this bound in `Packed`
[INFO] [stdout] ...
[INFO] [stdout] 235 | unsafe impl Packed for i8 { }
[INFO] [stdout]     |             ^^^^^^ the trait `Unaligned` is not implemented for `i8`
[INFO] [stdout] 
[INFO] [stdout] 
[INFO] [stdout] error[E0277]: the trait bound `u8: Unaligned` is not satisfied
[INFO] [stdout]    --> /opt/rustwide/cargo-home/registry/src/github.com-1ecc6299db9ec823/packed-0.3.0/src/lib.rs:236:13
[INFO] [stdout]     |
[INFO] [stdout] 116 | pub unsafe trait Packed: Unaligned {
[INFO] [stdout]     |                          --------- required by this bound in `Packed`
[INFO] [stdout] ...
[INFO] [stdout] 236 | unsafe impl Packed for u8 { }
[INFO] [stdout]     |             ^^^^^^ the trait `Unaligned` is not implemented for `u8`
[INFO] [stdout] 
[INFO] [stdout] 
[INFO] [stdout] error[E0277]: the trait bound `bool: Unaligned` is not satisfied
[INFO] [stdout]    --> /opt/rustwide/cargo-home/registry/src/github.com-1ecc6299db9ec823/packed-0.3.0/src/lib.rs:237:13
[INFO] [stdout]     |
[INFO] [stdout] 116 | pub unsafe trait Packed: Unaligned {
[INFO] [stdout]     |                          --------- required by this bound in `Packed`
[INFO] [stdout] ...
[INFO] [stdout] 237 | unsafe impl Packed for bool { }
[INFO] [stdout]     |             ^^^^^^ the trait `Unaligned` is not implemented for `bool`
[INFO] [stdout] 
[INFO] [stdout] 
[INFO] [stdout] error[E0277]: the trait bound `(): Unaligned` is not satisfied
[INFO] [stdout]    --> /opt/rustwide/cargo-home/registry/src/github.com-1ecc6299db9ec823/packed-0.3.0/src/lib.rs:267:22
[INFO] [stdout]     |
[INFO] [stdout] 27  | pub unsafe trait Aligned: Sized {
[INFO] [stdout]     |                  ------- required by a bound in this
[INFO] [stdout] ...
[INFO] [stdout] 30  |     type Unaligned: Unaligned + Sized + Copy;
[INFO] [stdout]     |                     --------- required by this bound in `Aligned`
[INFO] [stdout] ...
[INFO] [stdout] 267 |     type Unaligned = ();
[INFO] [stdout]     |                      ^^ the trait `Unaligned` is not implemented for `()`
[INFO] [stdout] 
[INFO] [stdout] 
[INFO] [stdout] error[E0277]: the trait bound `u8: Unaligned` is not satisfied
[INFO] [stdout]    --> /opt/rustwide/cargo-home/registry/src/github.com-1ecc6299db9ec823/packed-0.3.0/src/lib.rs:180:21
[INFO] [stdout]     |
[INFO] [stdout] 27  |   pub unsafe trait Aligned: Sized {
[INFO] [stdout]     |                    ------- required by a bound in this
[INFO] [stdout] ...
[INFO] [stdout] 30  |       type Unaligned: Unaligned + Sized + Copy;
[INFO] [stdout]     |                       --------- required by this bound in `Aligned`
[INFO] [stdout] ...
[INFO] [stdout] 180 |           unsafe impl Aligned for $t {
[INFO] [stdout]     |                       ^^^^^^^ the trait `Unaligned` is not implemented for `u8`
[INFO] [stdout] ...
[INFO] [stdout] 193 | / aligned_impl! {
[INFO] [stdout] 194 | |     char: 4,
[INFO] [stdout] 195 | |     f32: 4,
[INFO] [stdout] 196 | |     f64: 8,
[INFO] [stdout] ...   |
[INFO] [stdout] 202 | |     u64: 8
[INFO] [stdout] 203 | | }
[INFO] [stdout]     | |_- in this macro invocation
[INFO] [stdout]     |
[INFO] [stdout]     = note: required because of the requirements on the impl of `Unaligned` for `[u8; 4]`
[INFO] [stdout]     = note: this error originates in a macro (in Nightly builds, run with -Z macro-backtrace for more info)
[INFO] [stdout] 
[INFO] [stdout] 
[INFO] [stdout] error[E0277]: the trait bound `u8: Unaligned` is not satisfied
[INFO] [stdout]    --> /opt/rustwide/cargo-home/registry/src/github.com-1ecc6299db9ec823/packed-0.3.0/src/lib.rs:180:21
[INFO] [stdout]     |
[INFO] [stdout] 27  |   pub unsafe trait Aligned: Sized {
[INFO] [stdout]     |                    ------- required by a bound in this
[INFO] [stdout] ...
[INFO] [stdout] 30  |       type Unaligned: Unaligned + Sized + Copy;
[INFO] [stdout]     |                       --------- required by this bound in `Aligned`
[INFO] [stdout] ...
[INFO] [stdout] 180 |           unsafe impl Aligned for $t {
[INFO] [stdout]     |                       ^^^^^^^ the trait `Unaligned` is not implemented for `u8`
[INFO] [stdout] ...
[INFO] [stdout] 193 | / aligned_impl! {
[INFO] [stdout] 194 | |     char: 4,
[INFO] [stdout] 195 | |     f32: 4,
[INFO] [stdout] 196 | |     f64: 8,
[INFO] [stdout] ...   |
[INFO] [stdout] 202 | |     u64: 8
[INFO] [stdout] 203 | | }
[INFO] [stdout]     | |_- in this macro invocation
[INFO] [stdout]     |
[INFO] [stdout]     = note: required because of the requirements on the impl of `Unaligned` for `[u8; 4]`
[INFO] [stdout]     = note: this error originates in a macro (in Nightly builds, run with -Z macro-backtrace for more info)
[INFO] [stdout] 
[INFO] [stdout] 
[INFO] [stdout] error[E0277]: the trait bound `u8: Unaligned` is not satisfied
[INFO] [stdout]    --> /opt/rustwide/cargo-home/registry/src/github.com-1ecc6299db9ec823/packed-0.3.0/src/lib.rs:180:21
[INFO] [stdout]     |
[INFO] [stdout] 27  |   pub unsafe trait Aligned: Sized {
[INFO] [stdout]     |                    ------- required by a bound in this
[INFO] [stdout] ...
[INFO] [stdout] 30  |       type Unaligned: Unaligned + Sized + Copy;
[INFO] [stdout]     |                       --------- required by this bound in `Aligned`
[INFO] [stdout] ...
[INFO] [stdout] 180 |           unsafe impl Aligned for $t {
[INFO] [stdout]     |                       ^^^^^^^ the trait `Unaligned` is not implemented for `u8`
[INFO] [stdout] ...
[INFO] [stdout] 193 | / aligned_impl! {
[INFO] [stdout] 194 | |     char: 4,
[INFO] [stdout] 195 | |     f32: 4,
[INFO] [stdout] 196 | |     f64: 8,
[INFO] [stdout] ...   |
[INFO] [stdout] 202 | |     u64: 8
[INFO] [stdout] 203 | | }
[INFO] [stdout]     | |_- in this macro invocation
[INFO] [stdout]     |
[INFO] [stdout]     = note: required because of the requirements on the impl of `Unaligned` for `[u8; 8]`
[INFO] [stdout]     = note: this error originates in a macro (in Nightly builds, run with -Z macro-backtrace for more info)
[INFO] [stdout] 
[INFO] [stdout] 
[INFO] [stdout] error[E0277]: the trait bound `u8: Unaligned` is not satisfied
[INFO] [stdout]    --> /opt/rustwide/cargo-home/registry/src/github.com-1ecc6299db9ec823/packed-0.3.0/src/lib.rs:180:21
[INFO] [stdout]     |
[INFO] [stdout] 27  |   pub unsafe trait Aligned: Sized {
[INFO] [stdout]     |                    ------- required by a bound in this
[INFO] [stdout] ...
[INFO] [stdout] 30  |       type Unaligned: Unaligned + Sized + Copy;
[INFO] [stdout]     |                       --------- required by this bound in `Aligned`
[INFO] [stdout] ...
[INFO] [stdout] 180 |           unsafe impl Aligned for $t {
[INFO] [stdout]     |                       ^^^^^^^ the trait `Unaligned` is not implemented for `u8`
[INFO] [stdout] ...
[INFO] [stdout] 193 | / aligned_impl! {
[INFO] [stdout] 194 | |     char: 4,
[INFO] [stdout] 195 | |     f32: 4,
[INFO] [stdout] 196 | |     f64: 8,
[INFO] [stdout] ...   |
[INFO] [stdout] 202 | |     u64: 8
[INFO] [stdout] 203 | | }
[INFO] [stdout]     | |_- in this macro invocation
[INFO] [stdout]     |
[INFO] [stdout]     = note: required because of the requirements on the impl of `Unaligned` for `[u8; 2]`
[INFO] [stdout]     = note: this error originates in a macro (in Nightly builds, run with -Z macro-backtrace for more info)
[INFO] [stdout] 
[INFO] [stdout] 
[INFO] [stdout] error[E0277]: the trait bound `u8: Unaligned` is not satisfied
[INFO] [stdout]    --> /opt/rustwide/cargo-home/registry/src/github.com-1ecc6299db9ec823/packed-0.3.0/src/lib.rs:180:21
[INFO] [stdout]     |
[INFO] [stdout] 27  |   pub unsafe trait Aligned: Sized {
[INFO] [stdout]     |                    ------- required by a bound in this
[INFO] [stdout] ...
[INFO] [stdout] 30  |       type Unaligned: Unaligned + Sized + Copy;
[INFO] [stdout]     |                       --------- required by this bound in `Aligned`
[INFO] [stdout] ...
[INFO] [stdout] 180 |           unsafe impl Aligned for $t {
[INFO] [stdout]     |                       ^^^^^^^ the trait `Unaligned` is not implemented for `u8`
[INFO] [stdout] ...
[INFO] [stdout] 193 | / aligned_impl! {
[INFO] [stdout] 194 | |     char: 4,
[INFO] [stdout] 195 | |     f32: 4,
[INFO] [stdout] 196 | |     f64: 8,
[INFO] [stdout] ...   |
[INFO] [stdout] 202 | |     u64: 8
[INFO] [stdout] 203 | | }
[INFO] [stdout]     | |_- in this macro invocation
[INFO] [stdout]     |
[INFO] [stdout]     = note: required because of the requirements on the impl of `Unaligned` for `[u8; 2]`
[INFO] [stdout]     = note: this error originates in a macro (in Nightly builds, run with -Z macro-backtrace for more info)
[INFO] [stdout] 
[INFO] [stdout] 
[INFO] [stdout] error[E0277]: the trait bound `u8: Unaligned` is not satisfied
[INFO] [stdout]    --> /opt/rustwide/cargo-home/registry/src/github.com-1ecc6299db9ec823/packed-0.3.0/src/lib.rs:180:21
[INFO] [stdout]     |
[INFO] [stdout] 27  |   pub unsafe trait Aligned: Sized {
[INFO] [stdout]     |                    ------- required by a bound in this
[INFO] [stdout] ...
[INFO] [stdout] 30  |       type Unaligned: Unaligned + Sized + Copy;
[INFO] [stdout]     |                       --------- required by this bound in `Aligned`
[INFO] [stdout] ...
[INFO] [stdout] 180 |           unsafe impl Aligned for $t {
[INFO] [stdout]     |                       ^^^^^^^ the trait `Unaligned` is not implemented for `u8`
[INFO] [stdout] ...
[INFO] [stdout] 193 | / aligned_impl! {
[INFO] [stdout] 194 | |     char: 4,
[INFO] [stdout] 195 | |     f32: 4,
[INFO] [stdout] 196 | |     f64: 8,
[INFO] [stdout] ...   |
[INFO] [stdout] 202 | |     u64: 8
[INFO] [stdout] 203 | | }
[INFO] [stdout]     | |_- in this macro invocation
[INFO] [stdout]     |
[INFO] [stdout]     = note: required because of the requirements on the impl of `Unaligned` for `[u8; 4]`
[INFO] [stdout]     = note: this error originates in a macro (in Nightly builds, run with -Z macro-backtrace for more info)
[INFO] [stdout] 
[INFO] [stdout] 
[INFO] [stdout] error[E0277]: the trait bound `u8: Unaligned` is not satisfied
[INFO] [stdout]    --> /opt/rustwide/cargo-home/registry/src/github.com-1ecc6299db9ec823/packed-0.3.0/src/lib.rs:180:21
[INFO] [stdout]     |
[INFO] [stdout] 27  |   pub unsafe trait Aligned: Sized {
[INFO] [stdout]     |                    ------- required by a bound in this
[INFO] [stdout] ...
[INFO] [stdout] 30  |       type Unaligned: Unaligned + Sized + Copy;
[INFO] [stdout]     |                       --------- required by this bound in `Aligned`
[INFO] [stdout] ...
[INFO] [stdout] 180 |           unsafe impl Aligned for $t {
[INFO] [stdout]     |                       ^^^^^^^ the trait `Unaligned` is not implemented for `u8`
[INFO] [stdout] ...
[INFO] [stdout] 193 | / aligned_impl! {
[INFO] [stdout] 194 | |     char: 4,
[INFO] [stdout] 195 | |     f32: 4,
[INFO] [stdout] 196 | |     f64: 8,
[INFO] [stdout] ...   |
[INFO] [stdout] 202 | |     u64: 8
[INFO] [stdout] 203 | | }
[INFO] [stdout]     | |_- in this macro invocation
[INFO] [stdout]     |
[INFO] [stdout]     = note: required because of the requirements on the impl of `Unaligned` for `[u8; 4]`
[INFO] [stdout]     = note: this error originates in a macro (in Nightly builds, run with -Z macro-backtrace for more info)
[INFO] [stdout] 
[INFO] [stdout] 
[INFO] [stdout] error[E0277]: the trait bound `u8: Unaligned` is not satisfied
[INFO] [stdout]    --> /opt/rustwide/cargo-home/registry/src/github.com-1ecc6299db9ec823/packed-0.3.0/src/lib.rs:180:21
[INFO] [stdout]     |
[INFO] [stdout] 27  |   pub unsafe trait Aligned: Sized {
[INFO] [stdout]     |                    ------- required by a bound in this
[INFO] [stdout] ...
[INFO] [stdout] 30  |       type Unaligned: Unaligned + Sized + Copy;
[INFO] [stdout]     |                       --------- required by this bound in `Aligned`
[INFO] [stdout] ...
[INFO] [stdout] 180 |           unsafe impl Aligned for $t {
[INFO] [stdout]     |                       ^^^^^^^ the trait `Unaligned` is not implemented for `u8`
[INFO] [stdout] ...
[INFO] [stdout] 193 | / aligned_impl! {
[INFO] [stdout] 194 | |     char: 4,
[INFO] [stdout] 195 | |     f32: 4,
[INFO] [stdout] 196 | |     f64: 8,
[INFO] [stdout] ...   |
[INFO] [stdout] 202 | |     u64: 8
[INFO] [stdout] 203 | | }
[INFO] [stdout]     | |_- in this macro invocation
[INFO] [stdout]     |
[INFO] [stdout]     = note: required because of the requirements on the impl of `Unaligned` for `[u8; 8]`
[INFO] [stdout]     = note: this error originates in a macro (in Nightly builds, run with -Z macro-backtrace for more info)
[INFO] [stdout] 
[INFO] [stdout] 
[INFO] [stdout] error[E0277]: the trait bound `u8: Unaligned` is not satisfied
[INFO] [stdout]    --> /opt/rustwide/cargo-home/registry/src/github.com-1ecc6299db9ec823/packed-0.3.0/src/lib.rs:180:21
[INFO] [stdout]     |
[INFO] [stdout] 27  |   pub unsafe trait Aligned: Sized {
[INFO] [stdout]     |                    ------- required by a bound in this
[INFO] [stdout] ...
[INFO] [stdout] 30  |       type Unaligned: Unaligned + Sized + Copy;
[INFO] [stdout]     |                       --------- required by this bound in `Aligned`
[INFO] [stdout] ...
[INFO] [stdout] 180 |           unsafe impl Aligned for $t {
[INFO] [stdout]     |                       ^^^^^^^ the trait `Unaligned` is not implemented for `u8`
[INFO] [stdout] ...
[INFO] [stdout] 193 | / aligned_impl! {
[INFO] [stdout] 194 | |     char: 4,
[INFO] [stdout] 195 | |     f32: 4,
[INFO] [stdout] 196 | |     f64: 8,
[INFO] [stdout] ...   |
[INFO] [stdout] 202 | |     u64: 8
[INFO] [stdout] 203 | | }
[INFO] [stdout]     | |_- in this macro invocation
[INFO] [stdout]     |
[INFO] [stdout]     = note: required because of the requirements on the impl of `Unaligned` for `[u8; 8]`
[INFO] [stdout]     = note: this error originates in a macro (in Nightly builds, run with -Z macro-backtrace for more info)
[INFO] [stdout] 
[INFO] [stdout] 
[INFO] [stdout] error[E0277]: the trait bound `u8: Unaligned` is not satisfied
[INFO] [stdout]    --> /opt/rustwide/cargo-home/registry/src/github.com-1ecc6299db9ec823/packed-0.3.0/src/lib.rs:167:21
[INFO] [stdout]     |
[INFO] [stdout] 27  |   pub unsafe trait Aligned: Sized {
[INFO] [stdout]     |                    ------- required by a bound in this
[INFO] [stdout] ...
[INFO] [stdout] 30  |       type Unaligned: Unaligned + Sized + Copy;
[INFO] [stdout]     |                       --------- required by this bound in `Aligned`
[INFO] [stdout] ...
[INFO] [stdout] 167 |           unsafe impl Aligned for $t {
[INFO] [stdout]     |                       ^^^^^^^ the trait `Unaligned` is not implemented for `u8`
[INFO] [stdout] ...
[INFO] [stdout] 205 | / aligned_self! {
[INFO] [stdout] 206 | |     u8,
[INFO] [stdout] 207 | |     i8,
[INFO] [stdout] 208 | |     (),
[INFO] [stdout] 209 | |     bool
[INFO] [stdout] 210 | | }
[INFO] [stdout]     | |_- in this macro invocation
[INFO] [stdout]     |
[INFO] [stdout]     = note: this error originates in a macro (in Nightly builds, run with -Z macro-backtrace for more info)
[INFO] [stdout] 
[INFO] [stdout] 
[INFO] [stdout] error[E0277]: the trait bound `i8: Unaligned` is not satisfied
[INFO] [stdout]    --> /opt/rustwide/cargo-home/registry/src/github.com-1ecc6299db9ec823/packed-0.3.0/src/lib.rs:167:21
[INFO] [stdout]     |
[INFO] [stdout] 27  |   pub unsafe trait Aligned: Sized {
[INFO] [stdout]     |                    ------- required by a bound in this
[INFO] [stdout] ...
[INFO] [stdout] 30  |       type Unaligned: Unaligned + Sized + Copy;
[INFO] [stdout]     |                       --------- required by this bound in `Aligned`
[INFO] [stdout] ...
[INFO] [stdout] 167 |           unsafe impl Aligned for $t {
[INFO] [stdout]     |                       ^^^^^^^ the trait `Unaligned` is not implemented for `i8`
[INFO] [stdout] ...
[INFO] [stdout] 205 | / aligned_self! {
[INFO] [stdout] 206 | |     u8,
[INFO] [stdout] 207 | |     i8,
[INFO] [stdout] 208 | |     (),
[INFO] [stdout] 209 | |     bool
[INFO] [stdout] 210 | | }
[INFO] [stdout]     | |_- in this macro invocation
[INFO] [stdout]     |
[INFO] [stdout]     = note: this error originates in a macro (in Nightly builds, run with -Z macro-backtrace for more info)
[INFO] [stdout] 
[INFO] [stdout] 
[INFO] [stdout] error[E0277]: the trait bound `(): Unaligned` is not satisfied
[INFO] [stdout]    --> /opt/rustwide/cargo-home/registry/src/github.com-1ecc6299db9ec823/packed-0.3.0/src/lib.rs:167:21
[INFO] [stdout]     |
[INFO] [stdout] 27  |   pub unsafe trait Aligned: Sized {
[INFO] [stdout]     |                    ------- required by a bound in this
[INFO] [stdout] ...
[INFO] [stdout] 30  |       type Unaligned: Unaligned + Sized + Copy;
[INFO] [stdout]     |                       --------- required by this bound in `Aligned`
[INFO] [stdout] ...
[INFO] [stdout] 167 |           unsafe impl Aligned for $t {
[INFO] [stdout]     |                       ^^^^^^^ the trait `Unaligned` is not implemented for `()`
[INFO] [stdout] ...
[INFO] [stdout] 205 | / aligned_self! {
[INFO] [stdout] 206 | |     u8,
[INFO] [stdout] 207 | |     i8,
[INFO] [stdout] 208 | |     (),
[INFO] [stdout] 209 | |     bool
[INFO] [stdout] 210 | | }
[INFO] [stdout]     | |_- in this macro invocation
[INFO] [stdout]     |
[INFO] [stdout]     = note: this error originates in a macro (in Nightly builds, run with -Z macro-backtrace for more info)
[INFO] [stdout] 
[INFO] [stdout] 
[INFO] [stdout] error[E0277]: the trait bound `bool: Unaligned` is not satisfied
[INFO] [stdout]    --> /opt/rustwide/cargo-home/registry/src/github.com-1ecc6299db9ec823/packed-0.3.0/src/lib.rs:167:21
[INFO] [stdout]     |
[INFO] [stdout] 27  |   pub unsafe trait Aligned: Sized {
[INFO] [stdout]     |                    ------- required by a bound in this
[INFO] [stdout] ...
[INFO] [stdout] 30  |       type Unaligned: Unaligned + Sized + Copy;
[INFO] [stdout]     |                       --------- required by this bound in `Aligned`
[INFO] [stdout] ...
[INFO] [stdout] 167 |           unsafe impl Aligned for $t {
[INFO] [stdout]     |                       ^^^^^^^ the trait `Unaligned` is not implemented for `bool`
[INFO] [stdout] ...
[INFO] [stdout] 205 | / aligned_self! {
[INFO] [stdout] 206 | |     u8,
[INFO] [stdout] 207 | |     i8,
[INFO] [stdout] 208 | |     (),
[INFO] [stdout] 209 | |     bool
[INFO] [stdout] 210 | | }
[INFO] [stdout]     | |_- in this macro invocation
[INFO] [stdout]     |
[INFO] [stdout]     = note: this error originates in a macro (in Nightly builds, run with -Z macro-backtrace for more info)
[INFO] [stdout] 
[INFO] [stdout] 
[INFO] [stdout] error[E0277]: the trait bound `u8: Unaligned` is not satisfied
[INFO] [stdout]    --> /opt/rustwide/cargo-home/registry/src/github.com-1ecc6299db9ec823/packed-0.3.0/src/lib.rs:180:21
[INFO] [stdout]     |
[INFO] [stdout] 27  | pub unsafe trait Aligned: Sized {
[INFO] [stdout]     |                  ------- required by a bound in this
[INFO] [stdout] ...
[INFO] [stdout] 30  |     type Unaligned: Unaligned + Sized + Copy;
[INFO] [stdout]     |                     --------- required by this bound in `Aligned`
[INFO] [stdout] ...
[INFO] [stdout] 180 |         unsafe impl Aligned for $t {
[INFO] [stdout]     |                     ^^^^^^^ the trait `Unaligned` is not implemented for `u8`
[INFO] [stdout] ...
[INFO] [stdout] 225 |     aligned_impl! { isize: 8, usize: 8 }
[INFO] [stdout]     |     ------------------------------------ in this macro invocation
[INFO] [stdout]     |
[INFO] [stdout]     = note: required because of the requirements on the impl of `Unaligned` for `[u8; 8]`
[INFO] [stdout]     = note: this error originates in a macro (in Nightly builds, run with -Z macro-backtrace for more info)
[INFO] [stdout] 
[INFO] [stdout] 
[INFO] [stdout] error[E0277]: the trait bound `u8: Unaligned` is not satisfied
[INFO] [stdout]    --> /opt/rustwide/cargo-home/registry/src/github.com-1ecc6299db9ec823/packed-0.3.0/src/lib.rs:180:21
[INFO] [stdout]     |
[INFO] [stdout] 27  | pub unsafe trait Aligned: Sized {
[INFO] [stdout]     |                  ------- required by a bound in this
[INFO] [stdout] ...
[INFO] [stdout] 30  |     type Unaligned: Unaligned + Sized + Copy;
[INFO] [stdout]     |                     --------- required by this bound in `Aligned`
[INFO] [stdout] ...
[INFO] [stdout] 180 |         unsafe impl Aligned for $t {
[INFO] [stdout]     |                     ^^^^^^^ the trait `Unaligned` is not implemented for `u8`
[INFO] [stdout] ...
[INFO] [stdout] 225 |     aligned_impl! { isize: 8, usize: 8 }
[INFO] [stdout]     |     ------------------------------------ in this macro invocation
[INFO] [stdout]     |
[INFO] [stdout]     = note: required because of the requirements on the impl of `Unaligned` for `[u8; 8]`
[INFO] [stdout]     = note: this error originates in a macro (in Nightly builds, run with -Z macro-backtrace for more info)
[INFO] [stdout] 
[INFO] [stdout] 
[INFO] [stdout] error: aborting due to 40 previous errors
[INFO] [stdout] 
[INFO] [stdout] 
[INFO] [stdout] Some errors have detailed explanations: E0277, E0658.
[INFO] [stdout] 
[INFO] [stdout] For more information about an error, try `rustc --explain E0277`.
[INFO] [stdout] 
[INFO] [stderr] error: build failed
[INFO] running `Command { std: "docker" "inspect" "3324d0993362c0f8ee3017167e6262f05852ca3d4a07f539180d0d7a88853c64", kill_on_drop: false }`
[INFO] running `Command { std: "docker" "rm" "-f" "3324d0993362c0f8ee3017167e6262f05852ca3d4a07f539180d0d7a88853c64", kill_on_drop: false }`
[INFO] [stdout] 3324d0993362c0f8ee3017167e6262f05852ca3d4a07f539180d0d7a88853c64
